. Let g = 68 - n. What are the prime factors of g?
331
Suppose -8011 = -2*f + p + 76885, -169840 = -4*f - 4*p. What are the prime factors of f?
2, 10613
Suppose 5*c = -4*g + 7216, -486 - 3148 = -2*g + 4*c. List the prime factors of g.
3, 67
Suppose 172*n = 59069 + 27275. List the prime factors of n.
2, 251
Let n(a) = -334*a**3 + 3*a**2 + 3*a + 2. Let x be n(-1). Suppose -259*i - x = -260*i. What are the prime factors of i?
2, 3, 7
Let g be 187 - (3 + 2 + -2). Suppose 5*x + q + g = 0, 5*q = -2*x + x - 56. What are the prime factors of (x/(-20))/((-89)/45 - -2)?
3
Let i = 260 - 263. Let h(n) = -14*n**3 - 5*n**2 - 18*n - 17. What are the prime factors of h(i)?
2, 5, 37
Let k(r) = r - 4 + 1 + 7*r - 2*r. Let g be k(1). Suppose -h + 3*m + 11 = -2*m, -33 = -5*h + g*m. List the prime factors of h.
2, 3
Let z(h) = -h**3 + 33*h**2 - 14*h - 37. List the prime factors of z(29).
23, 127
Let y(o) = -o**3 - 5*o**2 + 3*o + 15. Let a be y(-3). List the prime factors of (-69)/(-2)*(2 - 128/a).
19, 23
List the prime factors of 20/6*(-13090464)/(-1390).
2, 3, 109
Suppose -3*u + 33 = -3*n, n + 2*n + 9 = 0. Suppose -u*r + 8 = -16. What are the prime factors of -3*1/9 - (-367)/r?
2, 61
Let m = 149 + -145. Suppose -11*d = -8*d - 15. Suppose w = -m*t - 2*w + 260, d*t - 298 = 3*w. List the prime factors of t.
2, 31
Suppose -139*m + 5*v + 82020 = -134*m, -3*m - 3*v = -49188. What are the prime factors of m?
2, 5, 41
Let s = 312 + -548. Let v = 517 + s. List the prime factors of v.
281
Suppose j + 1 = -0*j, -4*j - 969 = -5*v. Let l = -54 + v. List the prime factors of l.
139
Let y(i) = -204*i - 80. Let x be y(-6). What are the prime factors of (-2 + x)*(2 - 6/4)?
571
Let f = 729 - 715. Let r = 977 - f. List the prime factors of r.
3, 107
Suppose -3*y - 8 = 4*z, z + 0*z + 3*y = -11. List the prime factors of 7*z*(-744)/(-28).
2, 3, 31
Suppose -r - 9 = -2*p - 22, 3*r + 5*p = -16. Let d(f) = 4 + 13*f**2 - f - f + 3*f. What are the prime factors of d(r)?
2, 31
Let p be -8 - (103 + -4)/(-9). What are the prime factors of ((p - 6) + -24)*649/(-33)?
3, 59
Suppose 0 = -4*x - 4*c + 32, 4*c = -22 + 42. Suppose -2*z + 1374 = 4*i, -6*i + 2*i = x*z - 2055. What are the prime factors of z?
3, 227
Let a(p) = p**3 - 73*p**2 + 49*p - 642. What are the prime factors of a(74)?
2, 3, 5, 47
Let c be (-5)/2 + (-400)/(-32). List the prime factors of 0/2 - (c + -170).
2, 5
Let a = 21885 + 27679. List the prime factors of a.
2, 12391
Suppose 3*b - 4*g = 8*b - 7946, -15*g - 6466 = -4*b. What are the prime factors of b?
2, 797
Suppose -l = l + i - 5532, 0 = 4*l + 7*i - 11054. List the prime factors of l.
2767
Suppose z = 5*l + 11914 - 74667, 3*l + 3*z = 37641. Suppose 4942 - l = -5*r - 3*s, -3*r - s + 4568 = 0. What are the prime factors of r?
2, 3, 127
Suppose -5*c + 122 = 2*n + 561, 0 = 2*c + 3*n + 180. Let y = c + 272. What are the prime factors of y?
5, 37
Suppose -156 = m + m. Let t be ((-1)/(-3)*1)/(126/(-17766)). Let a = t - m. What are the prime factors of a?
31
Let a = 309 + -1128. Let v = -308 - a. List the prime factors of v.
7, 73
Let x(z) = -93*z**3 - 4*z**2 - 7*z - 8. Let s be x(-2). Let u = -76 + s. What are the prime factors of u?
2, 7, 47
Suppose 5*z - 74 = 136. Suppose -4504 = -z*w + 30734. List the prime factors of w.
839
List the prime factors of (10070/(-30) - (-4 + 1))/((-29)/4176).
2, 3, 499
Let p be (-297)/(-54) - (-3)/(-2). Suppose 1546 = p*y - 2*t - t, 2*t - 381 = -y. Suppose 5*h = 765 + y. What are the prime factors of h?
2, 5, 23
Suppose -3*v + 753 = 4*b, 2*b = -b + v + 581. Let f(j) = j**2 - 2*j - 12. Let z be f(5). Suppose 54 = -z*h + b. What are the prime factors of h?
2, 23
Suppose -12559453 + 2763614 = -182*r + 1712021. What are the prime factors of r?
2, 5, 6323
Suppose 0 = -x + 4*k + 11713, -11*x = -8*x + k - 35074. List the prime factors of x.
11, 1063
Let z(y) = -2 - 2*y + 3*y + 11 - 3. Let o(w) = -w + 1. Let a be o(-4). List the prime factors of z(a).
11
Let w = 10654 - 4686. List the prime factors of w.
2, 373
Suppose 0 = -33*c + 26961 - 66. Let z = c - -329. What are the prime factors of z?
2, 11, 13
Let b = -1764 - -1774. Let p be 0 + 4*(-3)/(-6). List the prime factors of (-205)/b*(-12 - p).
7, 41
Let m be ((-138)/(-18))/((-2)/(-6)). Let u(w) = -w**2 - 21*w - 14 - m + 5. List the prime factors of u(-14).
2, 3, 11
Suppose 5*w - 788 = -x, -2*x - 1576 = -4*x - 2*w. Suppose 2*d = -2*t + 524, -3*d = -0*t + 2*t - x. List the prime factors of 3934/22 - (-48)/d.
179
Let f(c) = -259*c**2 + 0*c - 15*c + 76 - 253*c**2 + 513*c**2. What are the prime factors of f(20)?
2, 11
Let o = 173 + -307. Let u = 897 + o. What are the prime factors of u?
7, 109
Suppose -3*o = 3*j - 19944, -212*j + 216*j + 2*o = 26604. List the prime factors of j.
2, 3, 1109
Let k(n) = -3*n**3 - 25*n**2 - 2*n - 4. What are the prime factors of k(-12)?
2, 401
Let s(y) = -6*y - 22. Let r be s(-6). Suppose -2*q + 970 = -r. What are the prime factors of q?
2, 3, 41
Let t(w) = -91*w**3 + w**2 + 74*w + 674. List the prime factors of t(-8).
2, 23369
Let r(h) = -5*h**3 - 11*h**2 - 3*h - 23. Let u be r(-8). Suppose x = -2*v - 931, 0*x + u = -4*v - 3*x. Let a = -309 - v. List the prime factors of a.
3, 53
Let g(f) = -537*f - 3257. What are the prime factors of g(-19)?
2, 23, 151
Let c(n) = -22*n - 19. Let v be c(-1). Suppose -v*m + 822 = r + 3*r, 3*r - 3*m = 627. What are the prime factors of r?
3, 23
Suppose 7*o + 43 = 1. What are the prime factors of 696 + (o - (-14 + 6))?
2, 349
Suppose 48*n - 144130 = -10*n. Suppose -4*q - 2*a + 4978 = 0, 122*q = 124*q + 5*a - n. What are the prime factors of q?
3, 5, 83
Let r(z) = 47*z**3 - z**2 - z + 11. Let c = -254 - -256. What are the prime factors of r(c)?
3, 127
Suppose -z + d = -26, 3*z + 0*d - d = 86. Suppose -11222 = -s - z*s. What are the prime factors of s?
2, 181
Let v(w) be the second derivative of w**4/12 - w**3 - 9*w. Let m be v(6). Suppose -2*n - 5*k + 176 = 0, 4 + m = k. What are the prime factors of n?
2, 3, 13
Suppose 5*r - 3*j - 2 = 14, 5*j = 2*r + 5. Suppose r*p = 14*p - 4914. List the prime factors of p.
2, 3, 7, 13
Let r(j) = 1261*j**2 - 21*j - 89. What are the prime factors of r(-4)?
23, 877
Let s(m) = m**3 + 28*m**2 + 26*m - 20. Let a = -138 + 111. What are the prime factors of s(a)?
7
Let o(s) = -774*s**2 - s + 3. Let d(n) = -387*n**2 + 2. Let u(p) = 7*d(p) - 4*o(p). List the prime factors of u(-1).
5, 7, 11
Suppose 0 = 4*b + 4*f - 1772 + 536, -4*b + 1254 = -5*f. Suppose 816 = b*l - 308*l. What are the prime factors of l?
2, 17
Suppose -2*v + 10*t - 4 = 11*t, -5*v - 3*t - 12 = 0. Suppose -3*w + 1 = -5. List the prime factors of (v + -3 + w - 0) + 143.
2, 71
Let a = -9463 + 18345. What are the prime factors of a?
2, 4441
Suppose -56*w - 127313 = -73*w. What are the prime factors of w?
7489
Suppose 3*u = 3, 3*n - 149 = 5*u + 554. Let b = n - 221. What are the prime factors of b?
3, 5
Suppose -15*u - 16*u + 93 = 0. Suppose -t + 2*n + 535 + 33 = 0, -u*n + 578 = t. What are the prime factors of t?
2, 11, 13
Suppose -146*c + 3330040 = 72*c - 22*c. What are the prime factors of c?
2, 5, 1699
Suppose 11 - 3 = -8*d. What are the prime factors of (-77 + 0)*8*d?
2, 7, 11
Let c(b) = b**2 - 2*b - 8. Suppose -2*f + 3*j = 7, 4*f - 12 = -2*j + 14. Let s be c(f). Suppose s = d - 166. List the prime factors of d.
2, 83
Let y = -5 - 16. Let q = y + -16. Let f = 43 + q. List the prime factors of f.
2, 3
Let k be (-2 + 5 - 6) + 19. Suppose -k*w + 7*w = -18. Suppose -5*x - 346 = w*f - 1177, -5*x + 822 = -f. What are the prime factors of x?
3, 5, 11
Suppose 3*l - 2*w = 19558, w = -3*w + 16. List the prime factors of l.
2, 3, 1087
Suppose -18*o + 16*o = 20. What are the prime factors of (-5)/(25/o) - -25?
3
Let k(t) = 4*t**3 - 1. Let w be k(1). Suppose 4*r - 3*j = 799, -w*r - 290 = 2*j - 902. List the prime factors of r.
2, 101
Let x = 13817 + -7832. What are the prime factors of x?
3, 5, 7, 19
Suppose -4*h = -2*x - 230530, 44*h - 46*h - 4*x = -115260. List the prime factors of h.
2, 1801
Suppose d + c = -d + 10, 4*d + 5*c - 20 = 0. Let z(i) = -2*i**2 + 11*i + 3. Let m be z(d). Let p(j) = 5*j + 7. What are the prime factors of p(m)?
47
List the prime factors of ((-64)/(-112) - 57/63) + 63679/3.
2, 10613
Let z(n) = -1802*n - 677. What are the prime factors of z(-6